List the prime factors of 477246.
2, 3, 7, 11, 1033
List the prime factors of 4105858.
2, 251, 8179
List the prime factors of 1931027.
7, 19, 14519
List the prime factors of 714759.
3, 89, 2677
What are the prime factors of 497028?
2, 3, 7, 61, 97
What are the prime factors of 2575471?
23, 111977
What are the prime factors of 2321156?
2, 31, 18719
What are the prime factors of 1868380?
2, 5, 93419
List the prime factors of 1893101.
7, 270443
What are the prime factors of 8148458?
2, 139, 29311
What are the prime factors of 4627171?
139, 33289
What are the prime factors of 578340?
2, 3, 5, 7, 17
List the prime factors of 1632624.
2, 3, 7, 43, 113
List the prime factors of 4634752.
2, 36209
What are the prime factors of 37858?
2, 23, 823
What are the prime factors of 7282070?
2, 5, 728207
List the prime factors of 37904883.
3, 17, 139, 5347
What are the prime factors of 2196456?
2, 3, 71, 1289
List the prime factors of 1068510.
2, 3, 5, 35617
List the prime factors of 1135659.
3, 7, 41, 1319
What are the prime factors of 197608?
2, 17, 1453
What are the prime factors of 1458709?
7, 208387
What are the prime factors of 20559829?
79, 97, 2683
What are the prime factors of 345086?
2, 7, 157
List the prime factors of 160496.
2, 7, 1433
What are the prime factors of 903811?
19, 47569
List the prime factors of 659322.
2, 3, 36629
What are the prime factors of 1729396?
2, 432349
List the prime factors of 1044040.
2, 5, 43, 607
What are the prime factors of 1008951?
3, 336317
What are the prime factors of 658545?
3, 5, 43, 1021
What are the prime factors of 208452?
2, 3, 29, 599
What are the prime factors of 19679122?
2, 23, 43, 9949
List the prime factors of 12453785.
5, 31, 80347
What are the prime factors of 2361807?
3, 7, 37489
What are the prime factors of 469335?
3, 5, 67, 467
What are the prime factors of 53512?
2, 6689
What are the prime factors of 524555?
5, 104911
List the prime factors of 22545.
3, 5, 167
What are the prime factors of 5863597?
23, 29, 59, 149
List the prime factors of 915.
3, 5, 61
List the prime factors of 6441108.
2, 3, 37, 89, 163
List the prime factors of 12236474.
2, 6118237
List the prime factors of 9144323.
9144323
What are the prime factors of 7177540?
2, 5, 358877
List the prime factors of 179084.
2, 44771
List the prime factors of 537138.
2, 3, 7, 29
List the prime factors of 482550.
2, 3, 5, 3217
What are the prime factors of 2894389?
23, 61, 2063
What are the prime factors of 94354?
2, 13, 19, 191
List the prime factors of 5019893.
1871, 2683
List the prime factors of 150892.
2, 7, 17, 317
What are the prime factors of 14908782?
2, 3, 7, 354971
What are the prime factors of 380994?
2, 3, 63499
List the prime factors of 1272075.
3, 5, 7, 2423
What are the prime factors of 562374?
2, 3, 157, 199
List the prime factors of 301878.
2, 3, 31, 541
What are the prime factors of 58665?
3, 5, 3911
What are the prime factors of 2376464?
2, 17, 8737
List the prime factors of 274991.
73, 3767
What are the prime factors of 1963954?
2, 19, 51683
What are the prime factors of 4109893?
23, 178691
What are the prime factors of 274901?
11, 67, 373
What are the prime factors of 1171740?
2, 3, 5, 59, 331
List the prime factors of 4923975.
3, 5, 7, 83, 113
List the prime factors of 213586.
2, 269, 397
List the prime factors of 24037805.
5, 11, 73, 5987
List the prime factors of 534233.
7, 167, 457
What are the prime factors of 21262088?
2, 2657761
List the prime factors of 30037892.
2, 1459, 5147
List the prime factors of 24003575.
5, 17, 56479
What are the prime factors of 226174?
2, 13, 8699
What are the prime factors of 375490?
2, 5, 37549
What are the prime factors of 2118833?
2118833
What are the prime factors of 242302?
2, 121151
What are the prime factors of 2048008?
2, 59, 4339
List the prime factors of 1461222.
2, 3, 7, 11597
What are the prime factors of 1980640?
2, 5, 12379
What are the prime factors of 27645399?
3, 19, 269, 601
What are the prime factors of 5757516?
2, 3, 159931
What are the prime factors of 263322?
2, 3, 14629
List the prime factors of 163992.
2, 3, 6833
List the prime factors of 381453.
3, 43, 2957
What are the prime factors of 4448887?
347, 12821
What are the prime factors of 458750?
2, 5, 367
What are the prime factors of 1810513?
509, 3557
List the prime factors of 700786.
2, 31, 89, 127
List the prime factors of 5074197.
3, 19, 89021
List the prime factors of 97911.
3, 11, 23, 43
List the prime factors of 10204244.
2, 41, 43, 1447
What are the prime factors of 1968852?
2, 3, 164071
List the prime factors of 34619.
13, 2663
List the prime factors of 67164.
2, 3, 29, 193
List the prime factors of 537096.
2, 3, 7, 23, 139
List the prime factors of 5049263.
5049263
What are the prime factors of 195324?
2, 3, 41, 397
List the prime factors of 17803480.
2, 5, 445087
List the prime factors of 59920.
2, 5, 7, 107
What are the prime factors of 13263998?
2, 11, 602909
What are the prime factors of 363687?
3, 121229
What are the prime factors of 2190121?
83, 26387
What are the prime factors of 957622?
2, 478811
What are the prime factors of 1028269?
11, 93479
What are the prime factors of 1453044?
2, 3, 19, 6373
List the prime factors of 912447.
3, 101383
List the prime factors of 238178.
2, 119089
What are the prime factors of 742454?
2, 371227
List the prime factors of 47096.
2, 7, 29
What are the prime factors of 1304892?
2, 3, 67, 541
What are the prime factors of 248559?
3, 29, 2857
List the prime factors of 18041582.
2, 13, 131, 5297
What are the prime factors of 2981029?
2981029
What are the prime factors of 356788?
2, 191, 467
What are the prime factors of 2869085?
5, 573817
What are the prime factors of 328848?
2, 3, 13, 17, 31
What are the prime factors of 108489?
3, 29, 43
List the prime factors of 143599.
17, 8447
List the prime factors of 25710843.
3, 59, 145259
List the prime factors of 7836963.
3, 2612321
What are the prime factors of 725286?
2, 3, 109, 1109
List the prime factors of 2877060.
2, 3, 5, 47951
List the prime factors of 2168777.
13, 41, 313
What are the prime factors of 660740?
2, 5, 33037
List the prime factors of 997524.
2, 3, 11, 229
List the prime factors of 5865497.
11, 533227
What are the prime factors of 3516021?
3, 130223
List the prime factors of 128659.
128659
List the prime factors of 5345819.
5345819
List the prime factors of 943830.
2, 3, 5, 10487
List the prime factors of 1425113.
1425113
List the prime factors of 304594.
2, 152297
List the prime factors of 1364820.
2, 3, 5, 23, 43
List the prime factors of 411604.
2, 17, 6053
List the prime factors of 206625.
3, 5, 19, 29
What are the prime factors of 18622?
2, 9311
List the prime factors of 23770.
2, 5, 2377
List the prime factors of 10590792.
2, 3, 41, 47, 229
List the prime factors of 2809762.
2, 1404881
What are the prime factors of 1557753?
3, 19, 27329
What are the prime factors of 28101750?
2, 3, 5, 89, 421
What are the prime factors of 136092?
2, 3, 11, 1031
List the prime factors of 13470692.
2, 53, 63541
What are the prime factors of 6526111?
79, 82609
What are the prime factors of 1189619?
563, 2113
What are the prime factors of 841312?
2, 61, 431
List the prime factors of 206868.
2, 3, 17239
List the prime factors of 963655.
5, 7, 11, 2503
List the prime factors of 40463.
43, 941
List the prime factors of 14728070.
2, 5, 7, 210401
List the prime factors of 5158347.
3, 919, 1871
List the prime factors of 1825104.
2, 3, 47, 809
What are the prime factors of 428372?
2, 7, 15299
List the prime factors of 11597494.
2, 547, 10601
List the prime factors of 612173.
612173
What are the prime factors of 126339?
3, 23, 1831
What are the prime factors of 7330091?
367, 19973
What are the prime factors of 33758791?
11, 139, 22079
List the prime factors of 82569.
3, 17, 1619
List the prime factors of 389153.
101, 3853
List the prime factors of 1798550.
2, 5, 13, 2767
List the prime factors of 94994.
2, 47497
List the prime factors of 4216872.
2, 3, 11, 15973
What are the prime factors of 2559939?
3, 127, 6719
List the prime factors of 16929192.
2, 3, 7, 100769
List the prime factors of 660613.
461, 1433
List the prime factors of 160433.
7, 13, 41, 43
List the prime factors of 1909221.
3, 636407
What are the prime fact